 17 a factor of 1128110834?
False
Is 7 a factor of 4600353?
False
Does 27 divide 27742028?
False
Is 233526232 a multiple of 21?
False
Is 2640 a factor of 478830000?
True
Is 365408263 a multiple of 37?
True
Is 638774220 a multiple of 4970?
True
Is 1768 a factor of 85640152?
True
Is 1412 a factor of 1825214740?
True
Is 1416 a factor of 1153544075?
False
Is 164 a factor of 17040383?
False
Is 12380499 a multiple of 343?
False
Does 435 divide 1808616031?
False
Is 633 a factor of 79362375?
True
Does 108 divide 1612617?
False
Does 622 divide 67222028?
True
Is 8311548 a multiple of 1300?
False
Is 81471558 a multiple of 1018?
True
Is 48688100 a multiple of 74?
False
Does 23 divide 1825395?
True
Does 9 divide 103409046?
True
Does 127 divide 281931954?
False
Is 698582088 a multiple of 136?
True
Does 16 divide 962294557?
False
Is 35096540 a multiple of 4?
True
Is 30 a factor of 12837314?
False
Is 5 a factor of 64504605?
True
Is 88 a factor of 104409150?
False
Is 267365048 a multiple of 38?
False
Does 55 divide 45055780?
True
Is 700 a factor of 1088354238?
False
Is 113 a factor of 29464262?
False
Is 362 a factor of 533370438?
True
Is 12 a factor of 56421267?
False
Is 11 a factor of 34946351?
True
Is 28946372 a multiple of 26?
True
Does 31 divide 430937991?
False
Is 7787913 a multiple of 21?
True
Does 162 divide 4961031?
False
Does 34 divide 149283494?
True
Is 4342719 a multiple of 179?
True
Is 14 a factor of 195202537?
False
Does 7532 divide 1402413208?
True
Is 12 a factor of 45614928?
True
Is 82200307 a multiple of 11?
False
Is 4207451 a multiple of 13?
False
Is 26820785 a multiple of 654?
False
Does 10 divide 1061430?
True
Is 784835614 a multiple of 3127?
False
Is 284 a factor of 33993174?
False
Is 7 a factor of 26126541?
True
Is 314 a factor of 1126594322?
False
Is 13791951 a multiple of 243?
True
Does 118 divide 120003080?
False
Is 451 a factor of 98725704?
True
Is 53 a factor of 392968133?
False
Does 359 divide 586617129?
True
Is 18 a factor of 75128023?
False
Does 2168 divide 350249072?
True
Does 571 divide 2877247302?
True
Is 426 a factor of 20669094?
True
Does 12 divide 53902361?
False
Does 30 divide 307956900?
True
Does 122 divide 992696813?
False
Is 4826 a factor of 13343890?
True
Is 137279459 a multiple of 105?
False
Does 1009 divide 39256562?
False
Is 292495200 a multiple of 32?
True
Is 704106274 a multiple of 271?
False
Does 923 divide 31292469?
True
Is 23 a factor of 61906777?
True
Does 467 divide 5270138431?
True
Is 134861226 a multiple of 200?
False
Does 59 divide 298012106?
False
Does 6 divide 9071095?
False
Is 16 a factor of 71012240?
True
Is 12 a factor of 736023342?
False
Is 19384540 a multiple of 49?
False
Is 21751506 a multiple of 3673?
True
Is 42793065 a multiple of 63?
True
Is 14174423 a multiple of 338?
False
Is 65172623 a multiple of 13?
False
Is 437 a factor of 1868465?
False
Does 2191 divide 29578500?
True
Is 477 a factor of 39649732?
False
Does 2 divide 60631189?
False
Does 197 divide 36880764?
True
Is 4 a factor of 2047702?
False
Is 40 a factor of 62350120?
True
Does 916 divide 181081602?
False
Is 12 a factor of 16209519?
False
Is 319 a factor of 624754801?
True
Is 24541592 a multiple of 5?
False
Is 484900122 a multiple of 21?
True
Is 216494613 a multiple of 63?
False
Is 557273739 a multiple of 759?
True
Does 1317 divide 3636167144?
False
Is 525770367 a multiple of 418?
False
Is 388739880 a multiple of 15?
True
Is 22 a factor of 146001138?
False
Does 443 divide 117896530?
False
Does 258 divide 50876310?
True
Is 59948695 a multiple of 872?
False
Is 139122672 a multiple of 13979?
False
Is 29710800 a multiple of 600?
True
Is 393365251 a multiple of 667?
True
Does 32 divide 165743203?
False
Does 5634 divide 366419144?
False
Is 790913560 a multiple of 40?
True
Is 122 a factor of 23311272?
True
Does 1223 divide 6317118567?
False
Is 11 a factor of 285898470?
True
Is 31442238 a multiple of 9?
True
Is 173462632 a multiple of 14?
True
Does 3069 divide 421956810?
True
Does 863 divide 5740676?
True
Is 366395768 a multiple of 244?
True
Is 29 a factor of 2346793622?
True
Does 135 divide 496008270?
False
Is 51898700 a multiple of 491?
True
Is 18917991 a multiple of 51?
True
Is 303 a factor of 716244412?
False
Does 3504 divide 456592224?
True
Is 343487947 a multiple of 11?
True
Is 27630180 a multiple of 380?
True
Is 92 a factor of 2557822172?
False
Does 639 divide 16228044?
True
Is 163451316 a multiple of 316?
True
Is 24079020 a multiple of 14?
True
Does 13 divide 1499189214?
False
Is 7118238045 a multiple of 15?
True
Does 652 divide 12459068?
True
Is 38883900 a multiple of 26?
False
Is 462249159 a multiple of 142?
False
Is 21 a factor of 90875197?
False
Is 1712 a factor of 544826880?
True
Is 121 a factor of 421849343?
False
Does 8441 divide 454699788?
True
Is 231 a factor of 24673577?
False
Is 83895732 a multiple of 12?
True
Is 1616047319 a multiple of 5?
False
Is 2480296350 a multiple of 62?
False
Is 749 a factor of 4339398?
False
Does 55 divide 339999165?
True
Is 9197561 a multiple of 12?
False
Is 25953728 a multiple of 24?
False
Is 10 a factor of 63293340?
True
Does 169 divide 104672347?
True
Is 1560373 a multiple of 7?
False
Is 36438956 a multiple of 8?
False
Is 3679214868 a multiple of 41?
True
Does 120 divide 35184120?
True
Does 8024 divide 1201465325?
False
Is 19289326 a multiple of 959?
True
Is 2177485765 a multiple of 6769?
True
Is 11 a factor of 355778159?
True
Is 28801192 a multiple of 172?
False
Is 368 a factor of 16962224?
True
Does 43 divide 1715784106?
False
Is 36140895 a multiple of 164?
False
Is 22 a factor of 302817571?
False
Is 256 a factor of 336019968?
True
Is 3044 a factor of 204130640?
True
Is 5648 a factor of 82449731?
False
Is 90 a factor of 14512950?
True
Does 25 divide 12998000?
True
Does 393 divide 100292560?
False
Does 443 divide 22634816?
False
Does 21 divide 2567762842?
False
Is 34275455 a multiple of 4645?
True
Does 236 divide 73749764?
True
Is 78827127 even?
False
Is 11811306 a multiple of 6?
True
Is 290 a factor of 483267817?
False
Does 51 divide 7215786?
True
Is 198 a factor of 3473646?
False
Is 1055 a factor of 13538815?
True
Does 73 divide 94579191?
False
Does 68 divide 1757821?
False
Is 55753888 a multiple of 32?
True
Does 212 divide 26872272?
True
Is 90 a factor of 13981165?
False
Is 309911055 a multiple of 535?
True
Is 18 a factor of 102079134?
True
Does 356 divide 1670331618?
False
Is 168098454 a multiple of 1980?
False
Is 405 a factor of 144624467?
False
Is 12838606 a multiple of 325?
False
Is 73811832 a multiple of 118?
True
Does 20 divide 1429966776?
False
Is 53315334 a multiple of 248?
False
Is 87140880 a multiple of 72?
True
Is 166 a factor of 235823402?
False
Is 92344170 a multiple of 51?
True
Does 3685 divide 1679578780?
True
Is 124 a factor of 1180485704?
True
Is 1459096228 a multiple of 6608?
False
Is 3 a factor of 19594830?
True
Is 26 a factor of 1976952?
False
Is 8 a factor of 803965984?
True
Is 8 a factor of 7128335?
False
Is 896 a factor of 113214080?
True
Is 2600 a factor of 73281000?
True
Does 86 divide 456968912?
True
Is 111 a factor of 332923778?
False
Is 23001702 a multiple of 177?
False
Is 2082 a factor of 186793975?
False
Does 12 divide 2497265951?
False
Is 114431850 a multiple of 310?
True
Does 177 divide 25652787?
True
Is 1470060098 a multiple of 12157?
False
Is 9 a factor of 14867858?
False
Is 29379332 a multiple of 69?
False
Does 198 divide 23387958?
True
Is 334607121 a multiple of 179?
False
Does 95 divide 657099?
False
Does 52 divide 53728977?
False
Does 23 divide 75783595?
False
Is 31 a factor of 4602281?
False
Does 4 divide 60486088?
True
Does 6 divide 77044212?
True
Is 14 a factor of 57392972?
True
Is 58 a factor of 1460267435?
False
Is 233510088 a multiple of 328?
True
Is 56 a factor of 2236403?
False
Does 1430 divide 14831187?
False
Does 12971 divide 6408749170?
False
Is 91153980 a multiple of 860?
True
Does 5 divide 6660664?
False
Is 32 a factor of 15935328?
True
Is 19041976 a multiple of 2?
True
Does 24 divide 242927040?
True
Is 108888400 a multiple of 953?
False
Does 3 divide 2522879?
False
Does 1732 divide 22155744?
True
Does 104 divide 143492856?
True
Is 15691 a factor of 2715278358?
False
Is 2249601912 a multiple of 634?
True
Does 326 divide 328151911?
False
I